4. Give z(60).
16
Let o(l) = -1210*l - 75025. Calculate o(-62).
-5
Let y(j) = 726*j - 14525. Give y(20).
-5
Let b(m) = 15*m**2 + 41*m + 15. Calculate b(-1).
-11
Let x(v) = -v**3 + 26*v**2 - 3*v + 126. Determine x(26).
48
Let p(n) = n**2 + 166*n + 1119. Calculate p(-159).
6
Let t(h) = -102*h + 1858. Determine t(18).
22
Let q(k) = k**2 + 141*k - 583. What is q(4)?
-3
Let c(j) = 22*j + 68. Determine c(-6).
-64
Let p(a) = -2*a**2 - 121*a - 1054. Determine p(-50).
-4
Let g(x) = x**3 + 19*x**2 - 399*x - 7714. What is g(-19)?
-133
Let b(k) = -164*k + 4379. Calculate b(27).
-49
Let i(l) = -8*l**2 - 100*l - 10. Calculate i(-14).
-178
Let s(o) = o**3 - 9*o**2 - 106*o + 47. Calculate s(-7).
5
Let r(i) = i**3 - 75*i**2 + 523*i - 39238. Determine r(75).
-13
Let b(k) = k**3 - 58*k**2 - 116*k - 253. Determine b(60).
-13
Let j(v) = -5*v**3 + 21*v**2 - 3*v - 16. Determine j(4).
-12
Let r(d) = -3548*d + 17733. Determine r(5).
-7
Let m(z) = z**3 + 50*z**2 - 8034*z + 678. What is m(68)?
-2
Let v(w) = w**2 + 37*w + 115. What is v(-34)?
13
Let b(k) = -46*k + 458. What is b(13)?
-140
Let q(p) = -6*p**3 - 129*p**2 - 43*p + 417. Give q(-21).
-3
Let v(r) = 2*r**3 - 32*r**2 - 23*r - 184. Calculate v(17).
3
Let q(f) = -f**3 + 11*f**2 + 13*f - 129. Calculate q(11).
14
Let g(v) = -28327*v + 113309. Calculate g(4).
1
Let m(x) = 8*x**2 - 79*x + 174. What is m(3)?
9
Let r(l) = -l**3 - 21*l**2 - 73*l - 432. Determine r(-16).
-544
Let r(j) = -2223*j - 66695. Calculate r(-30).
-5
Let y(f) = 2*f**2 + 34*f - 7. Determine y(-16).
-39
Let o(a) = -65*a - 6881. Determine o(-106).
9
Let d(l) = -l**3 - 22*l**2 - 5*l + 28. What is d(-22)?
138
Let x(c) = c**2 - 260*c - 2147. Calculate x(-8).
-3
Let b(l) = -2*l**2 - 41*l + 1644. Calculate b(20).
24
Let q(z) = z**2 + 15*z - 22. Calculate q(2).
12
Let x(r) = 1685*r - 267919. What is x(159)?
-4
Let l(g) = -2*g**2 - 2*g + 28. Calculate l(0).
28
Let f(y) = 14*y**3 + 19*y**2 + y + 16. Calculate f(-3).
-194
Let z(t) = 5*t**2 - 638*t + 3999. Give z(121).
6
Let c(m) = m**2 + 1140*m - 11554. Give c(10).
-54
Let n(v) = -6*v**2 + 265*v - 308. Calculate n(43).
-7
Let l(a) = -1582*a + 118654. What is l(75)?
4
Let v(d) = -d**3 - 44*d**2 + 191*d - 129. Calculate v(-48).
-81
Let f(u) = u**3 - 39*u**2 + 41*u - 72. What is f(38)?
42
Let k(t) = 4*t**2 - 122*t - 157. Give k(32).
35
Let p(w) = -w**3 + 3*w**2 - 6. What is p(3)?
-6
Let k(n) = 2*n**3 - 79*n**2 + 177*n + 248. Give k(37).
-48
Let z(a) = a**2 + 81*a + 1389. Give z(-55).
-41
Let m(w) = 2882*w + 31718. Give m(-11).
16
Let m(x) = -2714*x + 122127. Give m(45).
-3
Let a(u) = 28*u**3 + 16*u**2 + 40*u + 23. What is a(-1)?
-29
Let q(r) = 18*r**2 - 124*r + 204. Determine q(4).
-4
Let v(c) = c**2 - 43*c + 51. Give v(48).
291
Let p(j) = -11757*j + 23497. Give p(2).
-17
Let j(t) = 114*t**2 + 2848*t - 5. What is j(-25)?
45
Let q(x) = -32*x - 285. Determine q(-10).
35
Let g(y) = -331*y + 11709. Give g(35).
124
Let u(q) = 297*q + 8587. Give u(-29).
-26
Let m(i) = -1492*i + 8954. What is m(6)?
2
Let h(c) = 395*c + 48975. Calculate h(-124).
-5
Let s(m) = m**3 - 17*m**2 + 26*m - 18. What is s(15)?
-78
Let x(l) = 434*l + 2150. What is x(-5)?
-20
Let l(m) = -m**3 - 7*m**2 - 12*m - 7. Determine l(-3).
-7
Let i(r) = r**2 + 52*r + 313. Calculate i(-19).
-314
Let c(u) = -u**3 + 2*u + 15. Give c(-4).
71
Let k(z) = 24*z - 2096. What is k(91)?
88
Let q(t) = -539*t + 456. Calculate q(1).
-83
Let i(k) = -876*k + 19268. Give i(22).
-4
Let g(s) = -20*s**2 - 261*s - 213. What is g(-12)?
39
Let s(j) = -j**3 + 7*j**2 + 148*j - 474. Calculate s(3).
6
Let t(c) = c**3 + 30*c**2 + 17*c + 514. Determine t(-30).
4
Let r(y) = -2*y**3 - 165*y**2 - 396*y + 340. Calculate r(-80).
20
Let d(s) = -s**2 + 183*s - 6020. Calculate d(140).
0
Let h(p) = 2*p**2 - 18*p + 248. Determine h(0).
248
Let g(c) = 31*c**2 - 467*c + 18. Determine g(15).
-12
Let i(u) = -58*u + 339. What is i(6)?
-9
Let m(a) = -4*a**2 - 42*a - 101. What is m(-6)?
7
Let h(x) = 2*x**3 + 42*x**2 + 45*x + 936. Calculate h(-21).
-9
Let d(p) = 3*p**3 + 12*p**2 - 36*p - 154. Calculate d(-4).
-10
Let z(b) = 2*b**3 - 5*b**2 - 32*b - 16. Calculate z(-3).
-19
Let m(z) = -z**3 + 14*z**2 - 38*z + 2. Give m(3).
-13
Let c(z) = -7*z**2 + 104*z + 3. Determine c(14).
87
Let h(w) = w**2 - 25*w - 28. What is h(20)?
-128
Let q(x) = x**3 - 4*x**2 + 59*x - 156. Give q(3).
12
Let q(m) = 9*m**2 + 4*m - 9. Calculate q(4).
151
Let s(n) = n**2 + 29*n + 110. Give s(-23).
-28
Let f(r) = -4*r**2 + 52*r + 32. Calculate f(10).
152
Let c(i) = -i**2 + 66*i + 1721. What is c(86)?
1
Let a(l) = -l**3 - 55*l**2 + 1596*l + 1. Give a(-76).
1
Let w(p) = -765*p + 35199. Give w(46).
9
Let u(t) = -t**3 + 14*t**2 + 87*t - 613. Determine u(17).
-1
Let k(z) = 6*z**2 + 43*z - 30. Determine k(-9).
69
Let t(h) = -11*h**3 + 2*h**2 - 12*h - 13. Give t(-1).
12
Let a(l) = -l**3 + 4*l**2 + 13*l + 8. What is a(10)?
-462
Let b(m) = -22*m**3 + 5*m**2 - m - 4. Calculate b(-1).
24
Let d(v) = -v**3 + 23*v**2 - 104*v + 1. What is d(6)?
-11
Let o(i) = -i**3 + i**2 - 8. Determine o(2).
-12
Let v(j) = 179*j + 2911. Determine v(-16).
47
Let q(u) = u**2 - 7493*u + 37434. Calculate q(5).
-6
Let a(g) = -111*g - 408. Determine a(-3).
-75
Let j(w) = w**3 - 19*w**2 + 94*w - 214. Calculate j(13).
-6
Let n(x) = -18*x + 23. Calculate n(2).
-13
Let t(o) = -6*o - 85. Determine t(-5).
-55
Let t(y) = -y**3 + 38*y**2 - 121*y - 15. What is t(35)?
-575
Let h(f) = 24*f - 204. Calculate h(12).
84
Let h(b) = -b**2 - 27*b - 28. Calculate h(-32).
-188
Let o(x) = -x**3 - 2*x**2 + 91*x + 448. Calculate o(-5).
68
Let l(p) = 11*p**2 + 39*p + 147. What is l(-4)?
167
Let t(s) = -4*s**2 + 491*s - 2204. Calculate t(118).
38
Let s(l) = -l**3 + 12*l**2 - 6*l - 49. Determine s(11).
6
Let g(d) = 1606*d**2 + 35333*d + 23. Give g(-22).
1
Let s(j) = -8*j**3 - 15*j**2 + 125*j + 5. Give s(-5).
5
Let t(n) = -3*n + 24. Calculate t(11).
-9
Let a(y) = y**3 + 23*y**2 + 3*y + 28. Determine a(-23).
-41
Let l(f) = f**3 - 5*f**2 - 24*f + 2. Determine l(8).
2
Let l(p) = 60*p - 39. What is l(-3)?
-219
Let x(i) = i**2 - 194*i + 2840. Calculate x(16).
-8
Let t(b) = -2*b**2 - 104*b + 695. Give t(6).
-1
Let m(d) = 2*d**2 - 15*d + 12. Determine m(6).
-6
Let o(c) = -2*c**3 - 6*c**2 - 28*c - 53. Calculate o(-3).
31
Let m(a) = -910*a - 10912. What is m(-12)?
8
Let h(k) = -k**3 - 26*k**2 - 170*k - 28. What is h(-14)?
0
Let r(u) = -13*u - 625. Give r(-49).
12
Let m(a) = 4*a**3 - 237*a**2 + 79*a - 1193. What is m(59)?
-13
Let d(l) = -l**3 + 22*l**2 - 86*l + 47. Give d(17).
30
Let p(g) = -3*g**3 + 17*g**2 + 16*g - 39. Give p(6).
21
Let p(l) = 586*l**2 - 2932*l + 12. Calculate p(5).
2
Let m(g) = 53*g - 2968. Calculate m(56).
0
Let l(y) = 32*y + 308. Give l(-9).
20
Let h(t) = t**3 + 92*t**2 + 307*t + 3562. Give h(-89).
2
Let p(l) = 1744*l + 10453. What is p(-6)?
-11
Let l(x) = 16*x**2 + 2. Give l(2).
66
Let u(x) = 2*x**3 + 21*x**2 - 4*x + 21. Determine u(-8).
373
Let z(l) = l**3 + 49*l**2 + 226*l - 1368. Give z(-43).
8
Let z(a) = 5*a**2 - 6*a + 12. Determine z(-5).
167
Let h(j) = 8*j**3 - 2*j**2 + j + 7. Determine h(3).
208
Let x(q) = -74*q - 2738. Give x(-37).
0
Let d(t) = -2*t**3 + 100*t**2 - t + 141. Determine d(50).
91
Let z(t) = -3*t**2 + 202*t - 81. Calculate z(67).
-14
Let p(h) = 2*h**3 + 99*h**2 + 49*h - 20. What is p(-49)?
-20
Let q(o) = o**3 + 46*o**2 - 141*o + 300. Calculate q(-49).
6
Let f(m) = m**3 - 23*m**2 - 364*m + 59. Give f(-11).
-51
Let j(b) = 125*b + 3007. Determine j(-24).
7
Let z(n) = -31*n - 911. Calculate z(-31).
50
Let a(p) = -136*p + 123. Calculate a(1).
-13
Let a(z) = 93*z - 644. Give a(3).
-365
Let a(w) = -4*w**2 - 165*w - 327. Calculate a(-39).
24
Let s(w) = w**3 - 76*w**2 - 353*w - 4199. Calculate s(81).
13
Let l(c) = 72*c + 366. Determine l(-4).
78
Let z(y) = y**3 - 25*y**2 + 50*y - 194. Give z(23).
-102
Let n(s) = -s**2 - 15*s + 195. What is n(8)?
11
Let o(v) = -v**3 - 80*v**2 - 153*v + 155. Determine o(-78).
-79
Let d(i) = 278*i + 2499. Determine d(-9).
-3
Let i(d) = 27*d**3 - d**2 + 29*d - 63. Give i(2).
207
Let y(c) = 50*c - 394. What is y(7)?
-44
Let y(s) = -5*s**3 - 506*s - 504. Give y(-1).
7
Let d(t) = 45*t + 811. Calculate d(-18).
1
Let k(s) = 52*s**3 + 5*s**2 + s - 4. What is k(1)?
54
Let w(z) = z**3 + 57*z**2 + 212*z - 6. Calculate w(-53).
-6
Let k(w) = -w**3 + 4